What is the remainder when 11704 is divided by 64?
56
Calculate the remainder when 800 is divided by 124.
56
Calculate the remainder when 1365729 is divided by 455240.
9
What is the remainder when 2963 is divided by 2886?
77
Calculate the remainder when 1763 is divided by 1644.
119
What is the remainder when 1019298 is divided by 136?
114
Calculate the remainder when 10108 is divided by 9.
1
What is the remainder when 8439 is divided by 42?
39
Calculate the remainder when 1186 is divided by 1172.
14
Calculate the remainder when 979561 is divided by 1743.
1738
What is the remainder when 62490 is divided by 8922?
36
Calculate the remainder when 7836 is divided by 1769.
760
What is the remainder when 33172 is divided by 281?
14
What is the remainder when 213963 is divided by 1202?
7
What is the remainder when 14821 is divided by 495?
466
What is the remainder when 31751 is divided by 10522?
185
What is the remainder when 55108 is divided by 6?
4
What is the remainder when 953444 is divided by 119179?
12
Calculate the remainder when 4252 is divided by 16.
12
What is the remainder when 5934 is divided by 237?
9
What is the remainder when 1964 is divided by 308?
116
What is the remainder when 55335 is divided by 18433?
36
Calculate the remainder when 1086 is divided by 11.
8
What is the remainder when 152078 is divided by 14?
10
Calculate the remainder when 32508 is divided by 313.
269
Calculate the remainder when 15340 is divided by 67.
64
Calculate the remainder when 31789 is divided by 214.
117
What is the remainder when 36931 is divided by 220?
191
What is the remainder when 112008 is divided by 41?
37
Calculate the remainder when 107165 is divided by 533.
32
What is the remainder when 566176 is divided by 94361?
10
What is the remainder when 3821 is divided by 30?
11
Calculate the remainder when 934736 is divided by 169.
166
What is the remainder when 16517 is divided by 3293?
52
What is the remainder when 187362 is divided by 37?
31
Calculate the remainder when 4436 is divided by 117.
107
What is the remainder when 1079 is divided by 820?
259
Calculate the remainder when 1512639 is divided by 356.
351
What is the remainder when 18391 is divided by 225?
166
Calculate the remainder when 4319 is divided by 18.
17
Calculate the remainder when 467388 is divided by 7.
5
Calculate the remainder when 198443 is divided by 212.
11
Calculate the remainder when 6895 is divided by 130.
5
Calculate the remainder when 17384 is divided by 1397.
620
Calculate the remainder when 4084 is divided by 814.
14
What is the remainder when 407 is divided by 164?
79
What is the remainder when 23556 is divided by 7422?
1290
Calculate the remainder when 8572 is divided by 4281.
10
Calculate the remainder when 23323 is divided by 259.
13
Calculate the remainder when 25875 is divided by 111.
12
What is the remainder when 7093 is divided by 33?
31
Calculate the remainder when 14886 is divided by 110.
36
What is the remainder when 2025 is divided by 12?
9
What is the remainder when 1067 is divided by 1010?
57
What is the remainder when 209809 is divided by 104902?
5
What is the remainder when 12297 is divided by 1495?
337
What is the remainder when 9949 is divided by 109?
30
Calculate the remainder when 45049 is divided by 363.
37
Calculate the remainder when 26243 is divided by 13121.
1
Calculate the remainder when 225836 is divided by 16.
12
What is the remainder when 12313 is divided by 11?
4
What is the remainder when 185699 is divided by 25?
24
What is the remainder when 27024 is divided by 1266?
438
Calculate the remainder when 9921 is divided by 121.
120
What is the remainder when 2068 is divided by 229?
7
Calculate the remainder when 6643 is divided by 1175.
768
Calculate the remainder when 8433 is divided by 461.
135
What is the remainder when 2346 is divided by 736?
138
Calculate the remainder when 7045 is divided by 2937.
1171
Calculate the remainder when 27986 is divided by 1462.
208
Calculate the remainder when 22249 is divided by 113.
101
Calculate the remainder when 8745 is divided by 152.
81
Calculate the remainder when 1708 is divided by 37.
6
Calculate the remainder when 36597 is divided by 488.
485
What is the remainder when 150063 is divided by 53?
20
What is the remainder when 538997 is divided by 70?
67
Calculate the remainder when 30516 is divided by 235.
201
Calculate the remainder when 88204 is divided by 1207.
93
What is the remainder when 100744 is divided by 757?
63
What is the remainder when 84001 is divided by 1645?
106
Calculate the remainder when 31241 is divided by 276.
53
Calculate the remainder when 346836 is divided by 232.
228
What is the remainder when 4676 is divided by 54?
32
Calculate the remainder when 5528 is divided by 60.
8
What is the remainder when 2142 is divided by 268?
266
What is the remainder when 542750 is divided by 69?
65
What is the remainder when 227328 is divided by 161?
157
Calculate the remainder when 1311 is divided by 259.
16
Calculate the remainder when 447547 is divided by 1390.
1357
What is the remainder when 300828 is divided by 335?
333
Calculate the remainder when 1164479 is divided by 194076.
23
Calculate the remainder when 895 is divided by 353.
189
Calculate the remainder when 2205 is divided by 439.
10
What is the remainder when 211065 is divided by 70334?
63
Calculate the remainder when 158545 is divided by 52828.
61
What is the remainder when 17031 is divided by 60?
51
Calculate the remainder when 223237 is divided by 46.
45
Calculate the remainder when 88245 is divided by 12.
9
Calculate the remainder when 55657 is divided by 650.
407
Calculate the remainder when 475 is divided by 181.
113
Calculate the remainder when 7599 is divided by 7482.
117
Calculate the remainder when 627 is divided by 315.
312
Calculate the remainder when 1377537 is divided by 60.
57
What is the remainder when 173583 is divided by 14?
11
Calculate the remainder when 7423 is divided by 58.
57
What is the remainder when 39169 is divided by 4895?
9
Calculate the remainder when 78212 is divided by 11173.
1
What is the remainder when 202233 is divided by 1001?
31
What is the remainder when 20779 is divided by 286?
187
Calculate the remainder when 560445 is divided by 48.
45
Calculate the remainder when 8337 is divided by 135.
102
What is the remainder when 4597523 is divided by 36?
35
Calculate the remainder when 4866 is divided by 684.
78
What is the remainder when 55989 is divided by 27989?
11
What is the remainder when 1089364 is divided by 14?
10
What is the remainder when 2960 is divided by 1478?
4
Calculate the remainder when 420043 is divided by 10501.
3
Calculate the remainder when 103 is divided by 48.
7
Calculate the remainder when 2366 is divided by 258.
44
Calculate the remainder when 6824 is divided by 130.
64
What is the remainder when 168176 is divided by 56052?
20
What is the remainder when 9461 is divided by 787?
17
What is the remainder when 47337 is divided by 44?
37
What is the remainder when 31447 is divided by 828?
811
What is the remainder when 914 is divided by 289?
47
Calculate the remainder when 1523 is divided by 348.
131
Calculate the remainder when 1502819 is divided by 330.
329
What is the remainder when 4659 is divided by 1386?
501
Calculate the remainder when 9074 is divided by 410.
54
What is the remainder when 963 is divided by 210?
123
What is the remainder when 895045 is divided by 179009?
0
What is the remainder when 1784 is divided by 592?
8
What is the remainder when 2601 is divided by 622?
113
Calculate the remainder when 22299 is divided by 27.
24
What is the remainder when 47001 is divided by 6713?
10
What is the remainder when 6978 is divided by 12?
6
Calculate the remainder when 277 is divided by 123.
31
Calculate the remainder when 33451 is divided by 81.
79
Calculate the remainder when 777135 is divided by 323.
320
What is the remainder when 12045 is divided by 688?
349
Calculate the remainder when 21583 is divided by 280.
23
Calculate the remainder when 622 is divided by 124.
2
What is the remainder when 1501 is divided by 36?
25
Calculate the remainder when 52642 is divided by 19.
12
What is the remainder when 12834 is divided by 6414?
6
Calculate the remainder when 14766 is divid